the units digit of u?
1
Let a(k) = 3*k + 25. Let m be a(20). What is the hundreds digit of (-34)/m - 7896/(-15)?
5
Let w(k) = 15*k + 16*k**2 + 2*k**2 - 73 - 76 + 11*k**2 + 20*k. What is the tens digit of w(5)?
5
Suppose -u = z - 16739, 59*u = 60*u - 4*z - 16774. What is the hundreds digit of u?
7
Suppose 4*r - 16 = 2*f, -f + r - 23 = -4*r. Let w = f - -418. Suppose 26*s - w = 22*s. What is the tens digit of s?
0
Suppose -b + 48 = 338. Let q = -153 - b. Let c = 264 - q. What is the hundreds digit of c?
1
Let x be (-25)/4 + (-20)/(-80). What is the units digit of x/16 + 7855/40?
6
Let g = -105 + 95. Let v(j) = j**2 - 12*j + 44. What is the tens digit of v(g)?
6
Let v(x) = -x + 7 + 18*x**2 + 28*x**2 + 2*x**2 - 4*x + 4*x. Suppose 2*i - i = 2. What is the units digit of v(i)?
7
What is the units digit of 17270/4*((-63)/(-7) + -7)?
5
Suppose 36 = -w + 4*t, -w - 23 - 7 = -2*t. What is the tens digit of 8793/45 - w/40?
9
Let o = -93 + 99. Suppose o = 3*s + 9. Let h(u) = 135*u**2 + 4*u + 4. What is the tens digit of h(s)?
3
Let y(a) = -2316*a - 361. What is the hundreds digit of y(-5)?
2
Suppose -4*f = -2*z + 3*z - 15770, 2*f - 7880 = 2*z. What is the thousands digit of f?
3
Let c(s) = s**2 - 19*s + 14. Let x(f) = 2*f**2 - 20*f + 15. Let b(l) = -4*c(l) + 3*x(l). What is the hundreds digit of b(-24)?
7
Suppose -4*u - 3*d + 38 - 10 = 0, -5*u + 8 = -3*d. Let q = 331 + u. What is the hundreds digit of q?
3
Let h(s) = 2*s**2 + s + 4. Let d be h(-7). Suppose 0 = 3*p + 4*a - d, 12 = -3*a - 0*a. Suppose -149 = -3*u + p. What is the units digit of u?
2
Suppose 0 = -32*b + 36*b + 636. Let j = b + 411. What is the tens digit of j?
5
Suppose -5*a + 4*i + 101417 = 0, 4*a + i - 124614 = -43472. What is the ten thousands digit of a?
2
What is the ten thousands digit of (143/286)/(3/89472)?
1
Suppose 820*j - 455*j = 421*j - 1142792. What is the tens digit of j?
0
Let j(g) = g**3 - 6*g**2 - 4*g - 5. Let w be j(6). Let x = -27 - w. What is the tens digit of x/3 - (-723)/9?
8
Suppose 2*m - 3*l = 114, -2*l - 58 = -m - l. Suppose 0 = -4*j + 516 + m. What is the hundreds digit of j?
1
Suppose -10*o = -6*o + 16. Let j(u) = u**2 + u - 4. Let r be j(o). What is the units digit of r/(-9)*-3*(-5 - -8)?
8
Let u(k) = 645*k + 11503. What is the thousands digit of u(12)?
9
Let a be 0/(12/(4 + 0)). Let l be (a - (-2)/4)*6*1. Suppose 659 = 5*h + l*d, 2*h = 5*d + 20 + 225. What is the tens digit of h?
3
Let t = 7885 - -10045. What is the hundreds digit of t?
9
Suppose 4*x - 2*r = 40, 2*x - 26 - 2 = 5*r. Suppose x*i - 7*i = -602. Let f = i - -456. What is the tens digit of f?
5
Let i(z) = -298*z + 4434. What is the tens digit of i(-53)?
2
Let a(c) = 17*c - 24. Let h be a(13). Let p = h + 482. Suppose -2*x + p - 239 = 0. What is the hundreds digit of x?
2
Let q(m) = 33*m + 198. Let x be q(-6). Suppose x = -7*s + 32*s - 4800. What is the units digit of s?
2
Suppose -2*z - 44*z = -301668. What is the thousands digit of z?
6
Let p(z) = 750*z**2 - 166*z + 863. What is the units digit of p(11)?
7
Let x = 16 - -4. Suppose x*b - 11356 = 3*b. What is the hundreds digit of b?
6
Let w be 10/(-6)*(54/(-45) - 0). Suppose 947 - 159 = m + 3*c, -3957 = -5*m + w*c. What is the units digit of m?
1
Suppose -8*h = -6*h + 1126. Let w = h + 1026. What is the hundreds digit of w?
4
Let t(j) = j**2 - 7*j + 1. Let n be t(5). Let i(o) = o + 12. Let f be i(n). Suppose -f*d = k - 105, 0*d - k + 70 = 2*d. What is the tens digit of d?
3
Let h(p) = 29*p + 1. Let m be h(-3). Let v be (0 + m)*11/22. Let k = v - -130. What is the units digit of k?
7
Let w be (2/1 - -422) + 27 + -26. Let v = w - -658. What is the tens digit of v?
8
Suppose -41*f = -26*f + 5190. Let d = f + 911. What is the tens digit of d?
6
Let s be 10/8*(-15 - 213). Let u = s - -619. What is the tens digit of u?
3
Let u(o) = o**3 + 41*o**2 + 4*o - 27. What is the thousands digit of u(-32)?
9
Let g be -1*(-124)/(-5 - -3). Suppose -2*q = 5*j - 211, -2*q = 3*q - 4*j - 511. Let c = q + g. What is the tens digit of c?
4
Suppose y + 3*y + 20 = 0. Let q(x) be the first derivative of 2*x**3/3 + 14*x + 101. What is the tens digit of q(y)?
6
Let m = -446 - -449. Suppose 3*b + 2*c = -0*b + 183, -m*c + 243 = 4*b. What is the units digit of b?
3
Let t = -71 + 83. Suppose 4*k - t = k. Suppose 0 = 2*p - 5*z - 107, -k*z + 0*z - 259 = -5*p. What is the tens digit of p?
5
Let t = -218 - -423. Suppose 0 = 5*k - 855 + t. Suppose -a - 50 = -k. What is the units digit of a?
0
Let j = 19239 + -13729. What is the thousands digit of j?
5
Let t = 584 - 736. Let k = t + 850. What is the hundreds digit of k?
6
What is the ten thousands digit of (-606298)/(-14) + -12 - 19?
4
Let p = 4522 + 402. Suppose 20*r - 6956 = p. What is the tens digit of r?
9
Suppose 5*k - 3 = -13, -1074 = -4*c - k. Let i be (-2 + (-6 - -7))*(0 - 81). Let s = c - i. What is the tens digit of s?
8
Let h = -53 - -299. Suppose 2*x = 104 + h. What is the units digit of x?
5
Suppose 0 = -507*s + 505*s + 41290. What is the thousands digit of s?
0
Let u(r) = 8*r**2 - 40*r + 127. What is the ten thousands digit of u(44)?
1
Let b be (11 - 8)/(0 - -1). Suppose -y - b*v = -1003 + 324, 667 = y - v. What is the tens digit of y?
7
Suppose 4*z + 3*j - 17898 = 0, -2*z - 2*j + 8950 = -0*z. What is the hundreds digit of z?
4
Let l = -13574 - -24696. What is the ten thousands digit of l?
1
Let l(c) = 13*c - 2*c + 251 - 7*c - 7*c - c. What is the hundreds digit of l(-10)?
2
Suppose 63*q + 5*g - 550204 = 30*q, 2*q + 3*g - 33343 = 0. What is the tens digit of q?
7
Suppose l = -2*l - 2*q + 48, 0 = l + 4*q - 6. Let j be (-1)/(-3) + (-381)/l*-4. Let h = 268 - j. What is the tens digit of h?
8
Suppose 66 + 94 = 2*m. Suppose -11*k + m + 459 = 0. What is the tens digit of k?
4
Let o = -580 + 585. Suppose 0 = 5*q + 4*a - 5772, -o*a + 2310 = 2*q - 4*a. What is the tens digit of q?
5
Let c be (-227)/(-9) - (-4)/(-18). Let u be (-4 - c)*(-3 - 20/(-4)). What is the units digit of (-1 - u) + 4/2?
9
Suppose -2*d - o = -80605, -3*d - 1772*o = -1776*o - 120880. What is the hundreds digit of d?
3
Let k(t) = -3*t - 8*t + 3*t + 15 - 5*t. Let r(i) = 26*i - 29. Let l(a) = 7*k(a) + 4*r(a). What is the units digit of l(14)?
1
Suppose -4*o = -0*o - 368. Suppose 10 = -2*i - o. Let a = i - -89. What is the tens digit of a?
3
Let i(z) = 11*z**2 + 1090*z - 65. What is the thousands digit of i(-102)?
3
Let w be ((-78)/195)/((-1)/(-695)). Let p = w - -629. What is the units digit of p?
1
Let z(s) = -145*s**3 - 45*s**2 - 171*s + 7. What is the tens digit of z(-4)?
5
Let y be 2 + ((-2)/4)/(2/(-92)). Suppose -t = 4*t - y. Suppose -2*u + 4*c = -106, -3*u + u = t*c - 142. What is the units digit of u?
1
Let p(l) = -l**3 + 9*l**2 + 11*l + 29. Let i be p(10). Suppose -b - 2*b = -186. Let q = b - i. What is the units digit of q?
3
Suppose -2*d + 3*l + 6 = 0, -5*d - 3*l + 12 = -3. Suppose w - 1 = -2, 2917 = 4*c + d*w. What is the units digit of c?
0
What is the ten thousands digit of (-323528)/(-5) + (-1104)/(-2760)?
6
Let h(p) = -3*p + 14. Let m be h(5). What is the hundreds digit of m + (-3 + 4)*367?
3
Let q(k) = -17894*k**3 - 21*k**2 - 25*k - 3. What is the thousands digit of q(-1)?
7
Let h be 209/(-55) + (2 - 22/10). What is the units digit of -263*(-11 + 14 + h*1)?
3
Let t(w) = -w**2 + 5*w + 4. Let g(h) = h**2. Let n(b) = -2*g(b) - t(b). Let o be n(-2). Suppose 0 = -4*i + o*i + 376. What is the units digit of i?
8
Let u = 3475 + -2558. What is the hundreds digit of u?
9
Let p = -174 + 416. Let d = -81 + p. What is the hundreds digit of d?
1
Suppose -2*a - 13382 = -3*a + 5*p, -5*p = -3*a + 40086. What is the tens digit of a?
5
Let f(l) = 3*l**3 - 14*l**2 + 16*l - 2. Let w be f(11). Let g = w + -1761. What is the units digit of g?
2
Let k = 2 - -5. Let s(x) = 5*x**2 - 5*x + 5. Let b be s(k). Let a = 322 - b. What is the hundreds digit of a?
1
Let v = -7328 + 24558. What is the units digit of v?
0
Suppose 24*p = -20*p + 187000. What is the units digit of p?
0
Let k = -6 + 12. Let i be 0 + 0 + k/2 + 0. Suppose 8 = i*o - 19. What is the units digit of o?
9
What is the tens digit of (-20)/32*-8 - -19391?
9
Suppose -3*t - 3*b = 0, -2*b = -48 + 54. Suppose 5*p = -5*q + 3790, t*q - 4*p - 2309 = -0*q. What is the tens digit of q?
6
Let m(h) = 21*h**3 - 3*h**2 - h - 